9743.
9743
What are the prime factors of 2550?
2, 3, 5, 17
List the prime factors of 25566.
2, 3, 4261
List the prime factors of 1455.
3, 5, 97
What are the prime factors of 829?
829
List the prime factors of 5474.
2, 7, 17, 23
What are the prime factors of 32839?
32839
List the prime factors of 26237.
26237
What are the prime factors of 23467?
31, 757
List the prime factors of 900.
2, 3, 5
List the prime factors of 17244.
2, 3, 479
List the prime factors of 1356.
2, 3, 113
What are the prime factors of 461?
461
What are the prime factors of 7172?
2, 11, 163
List the prime factors of 18821.
11, 29, 59
List the prime factors of 142342.
2, 71171
List the prime factors of 708.
2, 3, 59
List the prime factors of 923.
13, 71
List the prime factors of 3134.
2, 1567
List the prime factors of 455.
5, 7, 13
What are the prime factors of 414?
2, 3, 23
List the prime factors of 600.
2, 3, 5
List the prime factors of 167467.
17, 9851
List the prime factors of 5871.
3, 19, 103
List the prime factors of 141875.
5, 227
What are the prime factors of 611?
13, 47
List the prime factors of 20679.
3, 61, 113
What are the prime factors of 30685?
5, 17, 19
What are the prime factors of 8626?
2, 19, 227
What are the prime factors of 8719?
8719
List the prime factors of 1817.
23, 79
What are the prime factors of 4086?
2, 3, 227
What are the prime factors of 5977?
43, 139
What are the prime factors of 1056?
2, 3, 11
What are the prime factors of 32?
2
What are the prime factors of 4125?
3, 5, 11
What are the prime factors of 37738?
2, 18869
List the prime factors of 6144.
2, 3
What are the prime factors of 13658?
2, 6829
What are the prime factors of 15855?
3, 5, 7, 151
List the prime factors of 14254.
2, 7127
What are the prime factors of 4601?
43, 107
What are the prime factors of 496?
2, 31
What are the prime factors of 1541?
23, 67
What are the prime factors of 23658?
2, 3, 3943
What are the prime factors of 64803?
3, 21601
List the prime factors of 2252.
2, 563
What are the prime factors of 16695?
3, 5, 7, 53
What are the prime factors of 2928?
2, 3, 61
List the prime factors of 5001.
3, 1667
List the prime factors of 3821.
3821
List the prime factors of 21416.
2, 2677
What are the prime factors of 95352?
2, 3, 29, 137
List the prime factors of 712.
2, 89
What are the prime factors of 123142?
2, 23, 2677
What are the prime factors of 748?
2, 11, 17
What are the prime factors of 215?
5, 43
List the prime factors of 5390.
2, 5, 7, 11
List the prime factors of 4052.
2, 1013
What are the prime factors of 8890?
2, 5, 7, 127
What are the prime factors of 964?
2, 241
What are the prime factors of 27640?
2, 5, 691
What are the prime factors of 44128?
2, 7, 197
List the prime factors of 568.
2, 71
List the prime factors of 411.
3, 137
What are the prime factors of 134?
2, 67
What are the prime factors of 72932?
2, 18233
What are the prime factors of 172?
2, 43
What are the prime factors of 181?
181
List the prime factors of 48017.
48017
What are the prime factors of 4754?
2, 2377
What are the prime factors of 8967?
3, 7, 61
What are the prime factors of 2296?
2, 7, 41
What are the prime factors of 22087?
13, 1699
What are the prime factors of 27209?
7, 13, 23
What are the prime factors of 23775?
3, 5, 317
What are the prime factors of 5321?
17, 313
What are the prime factors of 20918?
2, 10459
What are the prime factors of 3779?
3779
List the prime factors of 3929.
3929
List the prime factors of 1976.
2, 13, 19
List the prime factors of 36545.
5, 7309
List the prime factors of 1915.
5, 383
What are the prime factors of 34966?
2, 17483
What are the prime factors of 23738?
2, 11, 13, 83
List the prime factors of 108792.
2, 3, 1511
What are the prime factors of 9460?
2, 5, 11, 43
What are the prime factors of 1169?
7, 167
What are the prime factors of 153?
3, 17
List the prime factors of 1796.
2, 449
What are the prime factors of 286?
2, 11, 13
List the prime factors of 20799.
3, 2311
List the prime factors of 2831.
19, 149
What are the prime factors of 6035?
5, 17, 71
List the prime factors of 1426.
2, 23, 31
What are the prime factors of 172280?
2, 5, 59, 73
What are the prime factors of 449?
449
List the prime factors of 40026.
2, 3, 7, 953
List the prime factors of 18535.
5, 11, 337
What are the prime factors of 56077?
7, 8011
What are the prime factors of 1167?
3, 389
List the prime factors of 14850.
2, 3, 5, 11
What are the prime factors of 153261?
3, 17029
List the prime factors of 6448.
2, 13, 31
List the prime factors of 88923.
3, 29641
List the prime factors of 1594.
2, 797
List the prime factors of 3006.
2, 3, 167
List the prime factors of 8903.
29, 307
List the prime factors of 27994.
2, 13997
List the prime factors of 39697.
7, 53, 107
What are the prime factors of 32755?
5, 6551
What are the prime factors of 1023?
3, 11, 31
List the prime factors of 2440.
2, 5, 61
List the prime factors of 1426.
2, 23, 31
What are the prime factors of 1345?
5, 269
List the prime factors of 36968.
2, 4621
What are the prime factors of 32913?
3, 23, 53
What are the prime factors of 2506?
2, 7, 179
What are the prime factors of 4132?
2, 1033
What are the prime factors of 131009?
131009
List the prime factors of 1767.
3, 19, 31
List the prime factors of 9507.
3, 3169
What are the prime factors of 23994?
2, 3, 31, 43
List the prime factors of 1170.
2, 3, 5, 13
List the prime factors of 10326.
2, 3, 1721
What are the prime factors of 33867?
3, 53, 71
List the prime factors of 25572.
2, 3, 2131
List the prime factors of 90052.
2, 47, 479
What are the prime factors of 659?
659
What are the prime factors of 26124?
2, 3, 7, 311
List the prime factors of 360.
2, 3, 5
List the prime factors of 5488.
2, 7
List the prime factors of 487.
487
List the prime factors of 1126.
2, 563
List the prime factors of 14980.
2, 5, 7, 107
List the prime factors of 7198.
2, 59, 61
List the prime factors of 611.
13, 47
List the prime factors of 29636.
2, 31, 239
List the prime factors of 9311.
9311
List the prime factors of 54923.
11, 4993
List the prime factors of 532.
2, 7, 19
What are the prime factors of 1349?
19, 71
What are the prime factors of 104465?
5, 17, 1229
What are the prime factors of 23522?
2, 19, 619
What are the prime factors of 9780?
2, 3, 5, 163
What are the prime factors of 76691?
53, 1447
What are the prime factors of 325?
5, 13
What are the prime factors of 13366?
2, 41, 163
List the prime factors of 4574.
2, 2287
What are the prime factors of 7311?
3, 2437
List the prime factors of 19568.
2, 1223
What are the prime factors of 73933?
17, 4349
List the prime factors of 6989.
29, 241
What are the prime factors of 32059?
32059
What are the prime factors of 28365?
3, 5, 31, 61
List the prime factors of 4088.
2, 7, 73
What are the prime factors of 1126?
2, 563
What are the prime factors of 23952?
2, 3, 499
List the prime factors of 9126.
2, 3, 13
List the prime factors of 42352.
2, 2647
List the prime factors of 4004.
2, 7, 11, 13
List the prime factors of 467.
467
List the prime factors of 122303.
19, 41, 157
List the prime factors of 1450.
2, 5, 29
List the prime factors of 172091.
17, 53, 191
List the prime factors of 2818.
2, 1409
What are the prime factors of 1019?
1019
What are the prime factors of 4745?
5, 13, 73
What are the prime factors of 252?
2, 3, 7
What are the prime factors of 42167?
149, 283
List the prime factors of 8398.
2, 13, 17, 19
List the prime factors of 2049.
3, 683
List the prime factors of 2485.
5, 7, 71
List the prime factors of 8881.
83, 107
What are the prime factors of 952?
2, 7, 17
List the prime factors of 2470.
2, 5, 13, 19
List the prime factors of 8932.
2, 7, 11, 29
What are the prime factors of 124869?
3, 107, 389
What are the prime factors of 42164?
2, 83, 127
List the prime factors of 5258.
2, 11, 239
What are the prime factors of 243?
3
List the prime factors of 7948.
2, 1987
What are the prime factors of 7366?
2, 29, 127
What are the prime factors of 117975?
3, 5, 11, 13
What are the prime factors of 14116?
2, 3529
List the prime factors of 261.
3, 29
What are the prime factors of 76017?
3, 25339
List the prime factors of 16421.
16421
List the prime factors of 10546.
2, 5273
List the prime factors of 24704.
2, 193
List the prime factors of 21622